{"id":2086,"date":"2025-02-18T10:46:22","date_gmt":"2025-02-18T08:46:22","guid":{"rendered":"https:\/\/lotus-home.hu\/wdk-listing\/elado-tegla-lakas-hevizen-2\/"},"modified":"2025-02-18T10:46:22","modified_gmt":"2025-02-18T08:46:22","slug":"elado-tegla-lakas-hevizen-2","status":"publish","type":"wdk-listing","link":"https:\/\/lotus-home.hu\/de\/wdk-listing\/elado-tegla-lakas-hevizen-2\/","title":{"rendered":"T\u00e9gla lak\u00e1s H\u00e9v\u00edzen &#8211; Eigentumswohnung in H\u00e9v\u00edz"},"content":{"rendered":"<h4>H\u00e9v\u00edzen a Festetics F\u00fcrd\u0151h\u00e1zt\u00f3l 700 m-re, csendes, forgalomt\u00f3l mentes utc\u00e1ban, 1. emeleti lak\u00e1s elad\u00f3!<\/h4>\n<p style=\"text-align: right\"><em>(Die deutsche Beschreibung finden Sie weiter unten!)<\/em><\/p>\n<p>Az ingatlan jellemz\u0151i:<\/p>\n<ul>\n<li>t\u00e9gla \u00e9p\u00edt\u00e9s\u0171;<\/li>\n<li>1. emeleti;<\/li>\n<li>54 nm + 16 nm szuter\u00e9n, ahol kialak\u00edt\u00e1sra ker\u00fclt egy szoba, de ig\u00e9ny szerint b\u00e1rmire haszn\u00e1lhat\u00f3 a helyis\u00e9g, mert villany \u00e9s f\u0171t\u00e9s itt is rendelkez\u00e9sre \u00e1ll;<\/li>\n<li>ny\u00edl\u00e1sz\u00e1r\u00f3i m\u0171anyagok;<\/li>\n<li>f\u0171t\u00e9se egyedi g\u00e1zf\u0171t\u00e9s;<\/li>\n<li><strong>helyis\u00e9gek<\/strong>: el\u0151szoba, k\u00e9t szoba, konyha \u00e9tkez\u0151 egyben, f\u00fcrd\u0151 \u00e9s wc k\u00fcl\u00f6n;<\/li>\n<li>k\u00e9t h\u00e1l\u00f3szob\u00e1ja h\u0171t\u0151-f\u0171t\u0151 kl\u00edm\u00e1val ell\u00e1tott \u00e9s mindk\u00e9t szob\u00e1b\u00f3l ny\u00edlik erk\u00e9lyajt\u00f3 a teraszra;<\/li>\n<li>aut\u00f3be\u00e1ll\u00f3 a z\u00e1rt udvarban van, ami az ingatlanhoz tartozik.<\/li>\n<\/ul>\n<p>A n\u00e9gylak\u00e1sos t\u00e1rsash\u00e1z udvara k\u00e9nyelmes \u00e9s sz\u00e9pen gondozott!<\/p>\n<p>F\u00fcr weitere Informationen wenden Sie sich bitte an einen der unten aufgef\u00fchrten Ansprechpartner!<\/p>\n<h4>Wohnung in H\u00e9viz, N\u00e4he zum Festetics Bad, in einer ruhigen verkehrsarmen Stra\u00dfe auf der ersten Etage zu verkaufen<\/h4>\n<p>Die Parameter der Wohnung:<\/p>\n<ul>\n<li>Ziegelbauweise<\/li>\n<li>1. Etage<\/li>\n<li>54 m2 Wohnfl\u00e4che plus 16 m2 im Souterrain, wo ein Zimmer ausgebaut wurde (je nach Bedarf f\u00fcr viele Zwecke nutzbar, da beheizbar und mit Strom versehen)<\/li>\n<li>Fenster und T\u00fcren sind aus Kunststoff<\/li>\n<li>Heizungsart: Gasheizung<\/li>\n<li><strong>Aufteilung<\/strong> des Wohnraums: Vorzimmer, zwei Zimmer, K\u00fcche und Esszimmer in einem, Bad und extra WC<\/li>\n<li>zwei Schlafzimmer mit Klimaanlage (heizen und k\u00fchlen gleicherma\u00dfen mgl.) und je einem Zugang zur Terrasse<\/li>\n<li>Carport im geschlossenen Hof, welcher zur Immobilie geh\u00f6rt<\/li>\n<\/ul>\n<p>Der Hof zum Gemeinschaftshaus mit vier Wohnparteien ist sehr gepflegt.<br \/>\nBei Interesse oder Fragen melden Sie sich gern!<\/p>","protected":false},"excerpt":{"rendered":"<p>H\u00e9v\u00edzen a Festetics F\u00fcrd\u0151h\u00e1zt\u00f3l 700 m-re, csendes, forgalomt\u00f3l mentes utc\u00e1ban, 1. emeleti lak\u00e1s elad\u00f3! (Die deutsche Beschreibung finden Sie weiter unten!) Az ingatlan jellemz\u0151i: t\u00e9gla \u00e9p\u00edt\u00e9s\u0171; 1. emeleti; 54 nm + 16 nm szuter\u00e9n, ahol kialak\u00edt\u00e1sra ker\u00fclt egy szoba, de ig\u00e9ny szerint b\u00e1rmire haszn\u00e1lhat\u00f3 a helyis\u00e9g, mert villany \u00e9s f\u0171t\u00e9s itt is rendelkez\u00e9sre \u00e1ll; ny\u00edl\u00e1sz\u00e1r\u00f3i [&hellip;]<\/p>\n","protected":false},"author":1,"featured_media":0,"template":"","meta":[],"class_list":["post-2086","wdk-listing","type-wdk-listing","status-publish","hentry"],"yoast_head":"<!-- This site is optimized with the Yoast SEO Premium plugin v27.3 (Yoast SEO v27.3) - https:\/\/yoast.com\/product\/yoast-seo-premium-wordpress\/ -->\n<title>T\u00e9gla lak\u00e1s H\u00e9v\u00edzen - Eigentumswohnung in H\u00e9v\u00edz - Lotus Home<\/title>\n<meta name=\"robots\" content=\"index, follow, max-snippet:-1, max-image-preview:large, max-video-preview:-1\" \/>\n<link rel=\"canonical\" href=\"https:\/\/lotus-home.hu\/de\/wdk-listing\/elado-tegla-lakas-hevizen-2\/\" \/>\n<meta property=\"og:locale\" content=\"de_DE\" \/>\n<meta property=\"og:type\" content=\"article\" \/>\n<meta property=\"og:title\" content=\"T\u00e9gla lak\u00e1s H\u00e9v\u00edzen - Eigentumswohnung in H\u00e9v\u00edz\" \/>\n<meta property=\"og:description\" content=\"H\u00e9v\u00edzen a Festetics F\u00fcrd\u0151h\u00e1zt\u00f3l 700 m-re, csendes, forgalomt\u00f3l mentes utc\u00e1ban, 1. emeleti lak\u00e1s elad\u00f3! (Die deutsche Beschreibung finden Sie weiter unten!) Az ingatlan jellemz\u0151i: t\u00e9gla \u00e9p\u00edt\u00e9s\u0171; 1. emeleti; 54 nm + 16 nm szuter\u00e9n, ahol kialak\u00edt\u00e1sra ker\u00fclt egy szoba, de ig\u00e9ny szerint b\u00e1rmire haszn\u00e1lhat\u00f3 a helyis\u00e9g, mert villany \u00e9s f\u0171t\u00e9s itt is rendelkez\u00e9sre \u00e1ll; ny\u00edl\u00e1sz\u00e1r\u00f3i [&hellip;]\" \/>\n<meta property=\"og:url\" content=\"https:\/\/lotus-home.hu\/de\/wdk-listing\/elado-tegla-lakas-hevizen-2\/\" \/>\n<meta property=\"og:site_name\" content=\"Lotus Home\" \/>\n<meta property=\"og:image\" content=\"https:\/\/lotus-home.hu\/wp-content\/uploads\/2024\/04\/lotus-logo-3-1.png\" \/>\n\t<meta property=\"og:image:width\" content=\"500\" \/>\n\t<meta property=\"og:image:height\" content=\"113\" \/>\n\t<meta property=\"og:image:type\" content=\"image\/png\" \/>\n<meta name=\"twitter:card\" content=\"summary_large_image\" \/>\n<meta name=\"twitter:label1\" content=\"Gesch\u00e4tzte Lesezeit\" \/>\n\t<meta name=\"twitter:data1\" content=\"1\u00a0Minute\" \/>\n<script type=\"application\/ld+json\" class=\"yoast-schema-graph\">{\"@context\":\"https:\\\/\\\/schema.org\",\"@graph\":[{\"@type\":\"WebPage\",\"@id\":\"https:\\\/\\\/lotus-home.hu\\\/wdk-listing\\\/elado-tegla-lakas-hevizen-2\\\/\",\"url\":\"https:\\\/\\\/lotus-home.hu\\\/wdk-listing\\\/elado-tegla-lakas-hevizen-2\\\/\",\"name\":\"T\u00e9gla lak\u00e1s H\u00e9v\u00edzen - Eigentumswohnung in H\u00e9v\u00edz - Lotus Home\",\"isPartOf\":{\"@id\":\"https:\\\/\\\/lotus-home.hu\\\/#website\"},\"datePublished\":\"2025-02-18T08:46:22+00:00\",\"breadcrumb\":{\"@id\":\"https:\\\/\\\/lotus-home.hu\\\/wdk-listing\\\/elado-tegla-lakas-hevizen-2\\\/#breadcrumb\"},\"inLanguage\":\"de\",\"potentialAction\":[{\"@type\":\"ReadAction\",\"target\":[\"https:\\\/\\\/lotus-home.hu\\\/wdk-listing\\\/elado-tegla-lakas-hevizen-2\\\/\"]}]},{\"@type\":\"BreadcrumbList\",\"@id\":\"https:\\\/\\\/lotus-home.hu\\\/wdk-listing\\\/elado-tegla-lakas-hevizen-2\\\/#breadcrumb\",\"itemListElement\":[{\"@type\":\"ListItem\",\"position\":1,\"name\":\"Kezd\u0151lap\",\"item\":\"https:\\\/\\\/lotus-home.hu\\\/\"},{\"@type\":\"ListItem\",\"position\":2,\"name\":\"T\u00e9gla lak\u00e1s H\u00e9v\u00edzen &#8211; Eigentumswohnung in H\u00e9v\u00edz\"}]},{\"@type\":\"WebSite\",\"@id\":\"https:\\\/\\\/lotus-home.hu\\\/#website\",\"url\":\"https:\\\/\\\/lotus-home.hu\\\/\",\"name\":\"Lotus Home\",\"description\":\"A hely ahol megtal\u00e1lod az \u00faj otthonod\",\"publisher\":{\"@id\":\"https:\\\/\\\/lotus-home.hu\\\/#organization\"},\"potentialAction\":[{\"@type\":\"SearchAction\",\"target\":{\"@type\":\"EntryPoint\",\"urlTemplate\":\"https:\\\/\\\/lotus-home.hu\\\/?s={search_term_string}\"},\"query-input\":{\"@type\":\"PropertyValueSpecification\",\"valueRequired\":true,\"valueName\":\"search_term_string\"}}],\"inLanguage\":\"de\"},{\"@type\":\"Organization\",\"@id\":\"https:\\\/\\\/lotus-home.hu\\\/#organization\",\"name\":\"K\u00f6sz\u00f6r\u00fcs Katalin ev.\",\"url\":\"https:\\\/\\\/lotus-home.hu\\\/\",\"logo\":{\"@type\":\"ImageObject\",\"inLanguage\":\"de\",\"@id\":\"https:\\\/\\\/lotus-home.hu\\\/#\\\/schema\\\/logo\\\/image\\\/\",\"url\":\"https:\\\/\\\/lotus-home.hu\\\/wp-content\\\/uploads\\\/2024\\\/04\\\/lotus-logo-3.png\",\"contentUrl\":\"https:\\\/\\\/lotus-home.hu\\\/wp-content\\\/uploads\\\/2024\\\/04\\\/lotus-logo-3.png\",\"width\":500,\"height\":113,\"caption\":\"K\u00f6sz\u00f6r\u00fcs Katalin ev.\"},\"image\":{\"@id\":\"https:\\\/\\\/lotus-home.hu\\\/#\\\/schema\\\/logo\\\/image\\\/\"}}]}<\/script>\n<!-- \/ Yoast SEO Premium plugin. -->","yoast_head_json":{"title":"T\u00e9gla lak\u00e1s H\u00e9v\u00edzen - Eigentumswohnung in H\u00e9v\u00edz - Lotus Home","robots":{"index":"index","follow":"follow","max-snippet":"max-snippet:-1","max-image-preview":"max-image-preview:large","max-video-preview":"max-video-preview:-1"},"canonical":"https:\/\/lotus-home.hu\/de\/wdk-listing\/elado-tegla-lakas-hevizen-2\/","og_locale":"de_DE","og_type":"article","og_title":"T\u00e9gla lak\u00e1s H\u00e9v\u00edzen - Eigentumswohnung in H\u00e9v\u00edz","og_description":"H\u00e9v\u00edzen a Festetics F\u00fcrd\u0151h\u00e1zt\u00f3l 700 m-re, csendes, forgalomt\u00f3l mentes utc\u00e1ban, 1. emeleti lak\u00e1s elad\u00f3! (Die deutsche Beschreibung finden Sie weiter unten!) Az ingatlan jellemz\u0151i: t\u00e9gla \u00e9p\u00edt\u00e9s\u0171; 1. emeleti; 54 nm + 16 nm szuter\u00e9n, ahol kialak\u00edt\u00e1sra ker\u00fclt egy szoba, de ig\u00e9ny szerint b\u00e1rmire haszn\u00e1lhat\u00f3 a helyis\u00e9g, mert villany \u00e9s f\u0171t\u00e9s itt is rendelkez\u00e9sre \u00e1ll; ny\u00edl\u00e1sz\u00e1r\u00f3i [&hellip;]","og_url":"https:\/\/lotus-home.hu\/de\/wdk-listing\/elado-tegla-lakas-hevizen-2\/","og_site_name":"Lotus Home","og_image":[{"width":500,"height":113,"url":"https:\/\/lotus-home.hu\/wp-content\/uploads\/2024\/04\/lotus-logo-3-1.png","type":"image\/png"}],"twitter_card":"summary_large_image","twitter_misc":{"Gesch\u00e4tzte Lesezeit":"1\u00a0Minute"},"schema":{"@context":"https:\/\/schema.org","@graph":[{"@type":"WebPage","@id":"https:\/\/lotus-home.hu\/wdk-listing\/elado-tegla-lakas-hevizen-2\/","url":"https:\/\/lotus-home.hu\/wdk-listing\/elado-tegla-lakas-hevizen-2\/","name":"T\u00e9gla lak\u00e1s H\u00e9v\u00edzen - Eigentumswohnung in H\u00e9v\u00edz - Lotus Home","isPartOf":{"@id":"https:\/\/lotus-home.hu\/#website"},"datePublished":"2025-02-18T08:46:22+00:00","breadcrumb":{"@id":"https:\/\/lotus-home.hu\/wdk-listing\/elado-tegla-lakas-hevizen-2\/#breadcrumb"},"inLanguage":"de","potentialAction":[{"@type":"ReadAction","target":["https:\/\/lotus-home.hu\/wdk-listing\/elado-tegla-lakas-hevizen-2\/"]}]},{"@type":"BreadcrumbList","@id":"https:\/\/lotus-home.hu\/wdk-listing\/elado-tegla-lakas-hevizen-2\/#breadcrumb","itemListElement":[{"@type":"ListItem","position":1,"name":"Kezd\u0151lap","item":"https:\/\/lotus-home.hu\/"},{"@type":"ListItem","position":2,"name":"T\u00e9gla lak\u00e1s H\u00e9v\u00edzen &#8211; Eigentumswohnung in H\u00e9v\u00edz"}]},{"@type":"WebSite","@id":"https:\/\/lotus-home.hu\/#website","url":"https:\/\/lotus-home.hu\/","name":"Lotus-Haus","description":"A hely ahol megtal\u00e1lod az \u00faj otthonod","publisher":{"@id":"https:\/\/lotus-home.hu\/#organization"},"potentialAction":[{"@type":"SearchAction","target":{"@type":"EntryPoint","urlTemplate":"https:\/\/lotus-home.hu\/?s={search_term_string}"},"query-input":{"@type":"PropertyValueSpecification","valueRequired":true,"valueName":"search_term_string"}}],"inLanguage":"de"},{"@type":"Organization","@id":"https:\/\/lotus-home.hu\/#organization","name":"K\u00f6sz\u00f6r\u00fcs Katalin ev.","url":"https:\/\/lotus-home.hu\/","logo":{"@type":"ImageObject","inLanguage":"de","@id":"https:\/\/lotus-home.hu\/#\/schema\/logo\/image\/","url":"https:\/\/lotus-home.hu\/wp-content\/uploads\/2024\/04\/lotus-logo-3.png","contentUrl":"https:\/\/lotus-home.hu\/wp-content\/uploads\/2024\/04\/lotus-logo-3.png","width":500,"height":113,"caption":"K\u00f6sz\u00f6r\u00fcs Katalin ev."},"image":{"@id":"https:\/\/lotus-home.hu\/#\/schema\/logo\/image\/"}}]}},"_links":{"self":[{"href":"https:\/\/lotus-home.hu\/de\/wp-json\/wp\/v2\/wdk-listing\/2086","targetHints":{"allow":["GET"]}}],"collection":[{"href":"https:\/\/lotus-home.hu\/de\/wp-json\/wp\/v2\/wdk-listing"}],"about":[{"href":"https:\/\/lotus-home.hu\/de\/wp-json\/wp\/v2\/types\/wdk-listing"}],"author":[{"embeddable":true,"href":"https:\/\/lotus-home.hu\/de\/wp-json\/wp\/v2\/users\/1"}],"version-history":[{"count":0,"href":"https:\/\/lotus-home.hu\/de\/wp-json\/wp\/v2\/wdk-listing\/2086\/revisions"}],"wp:attachment":[{"href":"https:\/\/lotus-home.hu\/de\/wp-json\/wp\/v2\/media?parent=2086"}],"curies":[{"name":"wp","href":"https:\/\/api.w.org\/{rel}","templated":true}]}}

Tégla lakás Hévízen &#8211; Eigentumswohnung in Hévíz

<h4>Hévízen a Festetics Fürdőháztól 700 m-re, csendes, forgalomtól mentes utcában, 1. emeleti lakás eladó!</h4>
<p style="text-align: right"><em>(Die deutsche Beschreibung finden Sie weiter unten!)</em></p>
<p>Az ingatlan jellemzői:</p>
<ul>
<li>tégla építésű;</li>
<li>1. emeleti;</li>
<li>54 nm + 16 nm szuterén, ahol kialakításra került egy szoba, de igény szerint bármire használható a helyiség, mert villany és fűtés itt is rendelkezésre áll;</li>
<li>nyílászárói műanyagok;</li>
<li>fűtése egyedi gázfűtés;</li>
<li><strong>helyiségek</strong>: előszoba, két szoba, konyha étkező egyben, fürdő és wc külön;</li>
<li>két hálószobája hűtő-fűtő klímával ellátott és mindkét szobából nyílik erkélyajtó a teraszra;</li>
<li>autóbeálló a zárt udvarban van, ami az ingatlanhoz tartozik.</li>
</ul>
<p>A négylakásos társasház udvara kényelmes és szépen gondozott!</p>
<p>Für weitere Informationen wenden Sie sich bitte an einen der unten aufgeführten Ansprechpartner!</p>
<h4>Wohnung in Héviz, Nähe zum Festetics Bad, in einer ruhigen verkehrsarmen Straße auf der ersten Etage zu verkaufen</h4>
<p>Die Parameter der Wohnung:</p>
<ul>
<li>Ziegelbauweise</li>
<li>1. Etage</li>
<li>54 m2 Wohnfläche plus 16 m2 im Souterrain, wo ein Zimmer ausgebaut wurde (je nach Bedarf für viele Zwecke nutzbar, da beheizbar und mit Strom versehen)</li>
<li>Fenster und Türen sind aus Kunststoff</li>
<li>Heizungsart: Gasheizung</li>
<li><strong>Aufteilung</strong> des Wohnraums: Vorzimmer, zwei Zimmer, Küche und Esszimmer in einem, Bad und extra WC</li>
<li>zwei Schlafzimmer mit Klimaanlage (heizen und kühlen gleichermaßen mgl.) und je einem Zugang zur Terrasse</li>
<li>Carport im geschlossenen Hof, welcher zur Immobilie gehört</li>
</ul>
<p>Der Hof zum Gemeinschaftshaus mit vier Wohnparteien ist sehr gepflegt.<br />
Bei Interesse oder Fragen melden Sie sich gern!</p>

<p>Hévízen a Festetics Fürdőháztól 700 m-re, csendes, forgalomtól mentes utcában, 1. emeleti lakás eladó! (Die deutsche Beschreibung finden Sie weiter unten!) Az ingatlan jellemzői: tégla építésű; 1. emeleti; 54 nm + 16 nm szuterén, ahol kialakításra került egy szoba, de igény szerint bármire használható a helyiség, mert villany és fűtés itt is rendelkezésre áll; nyílászárói [&hellip;]</p>

<!-- This site is optimized with the Yoast SEO Premium plugin v27.3 (Yoast SEO v27.3) - https://yoast.com/product/yoast-seo-premium-wordpress/ -->
<title>Tégla lakás Hévízen - Eigentumswohnung in Hévíz - Lotus Home</title>
<meta name="robots" content="index, follow, max-snippet:-1, max-image-preview:large, max-video-preview:-1" />
<link rel="canonical" href="https://lotus-home.hu/de/wdk-listing/elado-tegla-lakas-hevizen-2/" />
<meta property="og:locale" content="de_DE" />
<meta property="og:type" content="article" />
<meta property="og:title" content="Tégla lakás Hévízen - Eigentumswohnung in Hévíz" />
<meta property="og:description" content="Hévízen a Festetics Fürdőháztól 700 m-re, csendes, forgalomtól mentes utcában, 1. emeleti lakás eladó! (Die deutsche Beschreibung finden Sie weiter unten!) Az ingatlan jellemzői: tégla építésű; 1. emeleti; 54 nm + 16 nm szuterén, ahol kialakításra került egy szoba, de igény szerint bármire használható a helyiség, mert villany és fűtés itt is rendelkezésre áll; nyílászárói [&hellip;]" />
<meta property="og:url" content="https://lotus-home.hu/de/wdk-listing/elado-tegla-lakas-hevizen-2/" />
<meta property="og:site_name" content="Lotus Home" />
<meta property="og:image" content="https://lotus-home.hu/wp-content/uploads/2024/04/lotus-logo-3-1.png" />
	<meta property="og:image:width" content="500" />
	<meta property="og:image:height" content="113" />
	<meta property="og:image:type" content="image/png" />
<meta name="twitter:card" content="summary_large_image" />
<meta name="twitter:label1" content="Geschätzte Lesezeit" />
	<meta name="twitter:data1" content="1 Minute" />
<script type="application/ld+json" class="yoast-schema-graph">{"@context":"https:\/\/schema.org","@graph":[{"@type":"WebPage","@id":"https:\/\/lotus-home.hu\/wdk-listing\/elado-tegla-lakas-hevizen-2\/","url":"https:\/\/lotus-home.hu\/wdk-listing\/elado-tegla-lakas-hevizen-2\/","name":"Tégla lakás Hévízen - Eigentumswohnung in Hévíz - Lotus Home","isPartOf":{"@id":"https:\/\/lotus-home.hu\/#website"},"datePublished":"2025-02-18T08:46:22+00:00","breadcrumb":{"@id":"https:\/\/lotus-home.hu\/wdk-listing\/elado-tegla-lakas-hevizen-2\/#breadcrumb"},"inLanguage":"de","potentialAction":[{"@type":"ReadAction","target":["https:\/\/lotus-home.hu\/wdk-listing\/elado-tegla-lakas-hevizen-2\/"]}]},{"@type":"BreadcrumbList","@id":"https:\/\/lotus-home.hu\/wdk-listing\/elado-tegla-lakas-hevizen-2\/#breadcrumb","itemListElement":[{"@type":"ListItem","position":1,"name":"Kezdőlap","item":"https:\/\/lotus-home.hu\/"},{"@type":"ListItem","position":2,"name":"Tégla lakás Hévízen &#8211; Eigentumswohnung in Hévíz"}]},{"@type":"WebSite","@id":"https:\/\/lotus-home.hu\/#website","url":"https:\/\/lotus-home.hu\/","name":"Lotus Home","description":"A hely ahol megtalálod az új otthonod","publisher":{"@id":"https:\/\/lotus-home.hu\/#organization"},"potentialAction":[{"@type":"SearchAction","target":{"@type":"EntryPoint","urlTemplate":"https:\/\/lotus-home.hu\/?s={search_term_string}"},"query-input":{"@type":"PropertyValueSpecification","valueRequired":true,"valueName":"search_term_string"}}],"inLanguage":"de"},{"@type":"Organization","@id":"https:\/\/lotus-home.hu\/#organization","name":"Köszörüs Katalin ev.","url":"https:\/\/lotus-home.hu\/","logo":{"@type":"ImageObject","inLanguage":"de","@id":"https:\/\/lotus-home.hu\/#\/schema\/logo\/image\/","url":"https:\/\/lotus-home.hu\/wp-content\/uploads\/2024\/04\/lotus-logo-3.png","contentUrl":"https:\/\/lotus-home.hu\/wp-content\/uploads\/2024\/04\/lotus-logo-3.png","width":500,"height":113,"caption":"Köszörüs Katalin ev."},"image":{"@id":"https:\/\/lotus-home.hu\/#\/schema\/logo\/image\/"}}]}</script>
<!-- / Yoast SEO Premium plugin. -->

Tégla lakás Hévízen - Eigentumswohnung in Hévíz - Lotus Home

Tégla lakás Hévízen - Eigentumswohnung in Hévíz

Hévízen a Festetics Fürdőháztól 700 m-re, csendes, forgalomtól mentes utcában, 1. emeleti lakás eladó! (Die deutsche Beschreibung finden Sie weiter unten!) Az ingatlan jellemzői: tégla építésű; 1. emeleti; 54 nm + 16 nm szuterén, ahol kialakításra került egy szoba, de igény szerint bármire használható a helyiség, mert villany és fűtés itt is rendelkezésre áll; nyílászárói [&hellip;]

Kezdőlap

A hely ahol megtalálod az új otthonod

Köszörüs Katalin ev.
